{"id":14835,"date":"2025-06-15T13:42:08","date_gmt":"2025-06-15T11:42:08","guid":{"rendered":"https:\/\/heimatliebe-jsphotography.de\/?page_id=14835"},"modified":"2026-04-11T18:32:14","modified_gmt":"2026-04-11T16:32:14","slug":"konzert-bandfotografie","status":"publish","type":"page","link":"https:\/\/heimatliebe-jsphotography.de\/?page_id=14835","title":{"rendered":"Konzert- &amp; Bandfotografie"},"content":{"rendered":"\t\t<div data-elementor-type=\"wp-page\" data-elementor-id=\"14835\" class=\"elementor elementor-14835\" data-elementor-post-type=\"page\">\n\t\t\t\t\t\t<section class=\"elementor-section elementor-top-section elementor-element elementor-element-6a32b5f8 elementor-section-stretched elementor-section-boxed elementor-section-height-default elementor-section-height-default\" data-id=\"6a32b5f8\" data-element_type=\"section\" data-e-type=\"section\" data-settings=\"{&quot;stretch_section&quot;:&quot;section-stretched&quot;}\">\n\t\t\t\t\t\t<div class=\"elementor-container elementor-column-gap-default\">\n\t\t\t\t\t<div class=\"elementor-column elementor-col-100 elementor-top-column elementor-element elementor-element-1237cce1\" data-id=\"1237cce1\" data-element_type=\"column\" data-e-type=\"column\">\n\t\t\t<div class=\"elementor-widget-wrap elementor-element-populated\">\n\t\t\t\t\t\t<div class=\"elementor-element elementor-element-4d93cd0d animated-slow elementor-invisible elementor-widget elementor-widget-heading\" data-id=\"4d93cd0d\" data-element_type=\"widget\" data-e-type=\"widget\" data-settings=\"{&quot;_animation&quot;:&quot;fadeInLeft&quot;}\" data-widget_type=\"heading.default\">\n\t\t\t\t<div class=\"elementor-widget-container\">\n\t\t\t\t\t<h2 class=\"elementor-heading-title elementor-size-default\">Konzertfotografie \n\nZwischen Donner und Emotion<\/h2>\t\t\t\t<\/div>\n\t\t\t\t<\/div>\n\t\t\t\t<div class=\"elementor-element elementor-element-5009f607 elementor-widget elementor-widget-spacer\" data-id=\"5009f607\" data-element_type=\"widget\" data-e-type=\"widget\" data-widget_type=\"spacer.default\">\n\t\t\t\t<div class=\"elementor-widget-container\">\n\t\t\t\t\t\t\t<div class=\"elementor-spacer\">\n\t\t\t<div class=\"elementor-spacer-inner\"><\/div>\n\t\t<\/div>\n\t\t\t\t\t\t<\/div>\n\t\t\t\t<\/div>\n\t\t\t\t\t<\/div>\n\t\t<\/div>\n\t\t\t\t\t<\/div>\n\t\t<\/section>\n\t\t<div class=\"elementor-element elementor-element-1935fcb e-flex e-con-boxed e-con e-parent\" data-id=\"1935fcb\" data-element_type=\"container\" data-e-type=\"container\">\n\t\t\t\t\t<div class=\"e-con-inner\">\n\t\t\t\t<div class=\"elementor-element elementor-element-a539759 elementor-widget elementor-widget-image\" data-id=\"a539759\" data-element_type=\"widget\" data-e-type=\"widget\" data-widget_type=\"image.default\">\n\t\t\t\t<div class=\"elementor-widget-container\">\n\t\t\t\t\t\t\t\t\t\t\t\t\t\t\t<img fetchpriority=\"high\" decoding=\"async\" width=\"1920\" height=\"1080\" src=\"https:\/\/heimatliebe-jsphotography.de\/wp-content\/uploads\/2025\/09\/DSC_8986-1920x1080.jpg\" class=\"attachment-fotografie-slider size-fotografie-slider wp-image-20610\" alt=\"\" \/>\t\t\t\t\t\t\t\t\t\t\t\t\t\t\t<\/div>\n\t\t\t\t<\/div>\n\t\t\t\t\t<\/div>\n\t\t\t\t<\/div>\n\t\t<div class=\"elementor-element elementor-element-e979f98 e-flex e-con-boxed e-con e-parent\" data-id=\"e979f98\" data-element_type=\"container\" data-e-type=\"container\">\n\t\t\t\t\t<div class=\"e-con-inner\">\n\t\t\t\t\t<\/div>\n\t\t\t\t<\/div>\n\t\t<div class=\"elementor-element elementor-element-510dc78 e-flex e-con-boxed e-con e-parent\" data-id=\"510dc78\" data-element_type=\"container\" data-e-type=\"container\">\n\t\t\t\t\t<div class=\"e-con-inner\">\n\t\t\t\t<div class=\"elementor-element elementor-element-edd3ba3 elementor-widget elementor-widget-text-editor\" data-id=\"edd3ba3\" data-element_type=\"widget\" data-e-type=\"widget\" data-widget_type=\"text-editor.default\">\n\t\t\t\t<div class=\"elementor-widget-container\">\n\t\t\t\t\t\t\t\t\t<p data-start=\"218\" data-end=\"511\">Neben Lost Places schl\u00e4gt mein zweites fotografisches Herz f\u00fcr die B\u00fchne \u2013 genauer gesagt f\u00fcr die Konzert- und Bandfotografie. Besonders im Metal- und Rockbereich finde ich das, was mich begeistert: rohe Energie, ehrliche Emotionen und das Zusammenspiel von Licht, Lautst\u00e4rke und Leidenschaft.<\/p><p data-start=\"513\" data-end=\"787\">Ob im Graben vor H\u00e4matom, Fiddler\u2019s Green oder Ost+Front \u2013 ich liebe den Moment, wenn das erste Licht aufflackert, der Bass durch den K\u00f6rper f\u00e4hrt und das Publikum die erste Textzeile schreit. Diese Sekunden einzufangen, ist f\u00fcr mich wie eine visuelle Jagd nach G\u00e4nsehaut.<\/p><p data-start=\"789\" data-end=\"1035\">Man trifft mich regelm\u00e4\u00dfig auf dem ZMF Freiburg, f\u00fcr Auftr\u00e4ge oder mit Kamera im Anschlag. Auch f\u00fcr die <em data-start=\"893\" data-end=\"911\">Badische Zeitung<\/em> durfte ich bereits Konzerte begleiten \u2013 mit einem Blick f\u00fcrs Detail und einem Gesp\u00fcr f\u00fcr die Magie auf und neben der B\u00fchne.<\/p><p data-start=\"1037\" data-end=\"1231\">Und ja \u2013 manchmal lande ich auch bei einem Schlagerkonzert. Denn echte Stimmung kennt kein Genre. Was z\u00e4hlt, ist das Gef\u00fchl. Und das f\u00e4ngt man am besten dann ein, wenn man selbst mittendrin ist.<\/p>\t\t\t\t\t\t\t\t<\/div>\n\t\t\t\t<\/div>\n\t\t\t\t\t<\/div>\n\t\t\t\t<\/div>\n\t\t<div class=\"elementor-element elementor-element-829254f e-flex e-con-boxed e-con e-parent\" data-id=\"829254f\" data-element_type=\"container\" data-e-type=\"container\">\n\t\t\t\t\t<div class=\"e-con-inner\">\n\t\t\t\t\t<\/div>\n\t\t\t\t<\/div>\n\t\t<div class=\"elementor-element elementor-element-765988a e-flex e-con-boxed e-con e-parent\" data-id=\"765988a\" data-element_type=\"container\" data-e-type=\"container\">\n\t\t\t\t\t<div class=\"e-con-inner\">\n\t\t\t\t<div class=\"elementor-element elementor-element-9675052 elementor-align-center elementor-widget elementor-widget-button\" data-id=\"9675052\" data-element_type=\"widget\" data-e-type=\"widget\" data-widget_type=\"button.default\">\n\t\t\t\t<div class=\"elementor-widget-container\">\n\t\t\t\t\t\t\t\t\t<div class=\"elementor-button-wrapper\">\n\t\t\t\t\t<a class=\"elementor-button elementor-button-link elementor-size-sm\" href=\"https:\/\/heimatliebe-jsphotography.de\/?page_id=20875\">\n\t\t\t\t\t\t<span class=\"elementor-button-content-wrapper\">\n\t\t\t\t\t\t\t\t\t<span class=\"elementor-button-text\">Portfolio<\/span>\n\t\t\t\t\t<\/span>\n\t\t\t\t\t<\/a>\n\t\t\t\t<\/div>\n\t\t\t\t\t\t\t\t<\/div>\n\t\t\t\t<\/div>\n\t\t\t\t\t<\/div>\n\t\t\t\t<\/div>\n\t\t<div class=\"elementor-element elementor-element-5754306 e-flex e-con-boxed e-con e-parent\" data-id=\"5754306\" data-element_type=\"container\" data-e-type=\"container\">\n\t\t\t\t\t<div class=\"e-con-inner\">\n\t\t\t\t\t<\/div>\n\t\t\t\t<\/div>\n\t\t<div class=\"elementor-element elementor-element-c18bbd7 e-flex e-con-boxed e-con e-parent\" data-id=\"c18bbd7\" data-element_type=\"container\" data-e-type=\"container\">\n\t\t\t\t\t<div class=\"e-con-inner\">\n\t\t\t\t<div class=\"elementor-element elementor-element-932e4f4 elementor-widget elementor-widget-image\" data-id=\"932e4f4\" data-element_type=\"widget\" data-e-type=\"widget\" data-widget_type=\"image.default\">\n\t\t\t\t<div class=\"elementor-widget-container\">\n\t\t\t\t\t\t\t\t\t\t\t\t\t\t\t<img decoding=\"async\" width=\"756\" height=\"503\" src=\"https:\/\/heimatliebe-jsphotography.de\/wp-content\/uploads\/2026\/01\/Fiddler\u00b4s-Green-2-1024x681.jpg\" class=\"attachment-large size-large wp-image-20641\" alt=\"\" srcset=\"https:\/\/heimatliebe-jsphotography.de\/wp-content\/uploads\/2026\/01\/Fiddler\u00b4s-Green-2-1024x681.jpg 1024w, https:\/\/heimatliebe-jsphotography.de\/wp-content\/uploads\/2026\/01\/Fiddler\u00b4s-Green-2-300x200.jpg 300w, https:\/\/heimatliebe-jsphotography.de\/wp-content\/uploads\/2026\/01\/Fiddler\u00b4s-Green-2-768x511.jpg 768w, https:\/\/heimatliebe-jsphotography.de\/wp-content\/uploads\/2026\/01\/Fiddler\u00b4s-Green-2-1536x1022.jpg 1536w, https:\/\/heimatliebe-jsphotography.de\/wp-content\/uploads\/2026\/01\/Fiddler\u00b4s-Green-2-2048x1363.jpg 2048w\" sizes=\"(max-width: 756px) 100vw, 756px\" \/>\t\t\t\t\t\t\t\t\t\t\t\t\t\t\t<\/div>\n\t\t\t\t<\/div>\n\t\t\t\t\t<\/div>\n\t\t\t\t<\/div>\n\t\t<div class=\"elementor-element elementor-element-45697c1 e-flex e-con-boxed e-con e-parent\" data-id=\"45697c1\" data-element_type=\"container\" data-e-type=\"container\">\n\t\t\t\t\t<div class=\"e-con-inner\">\n\t\t\t\t\t<\/div>\n\t\t\t\t<\/div>\n\t\t\t\t<section class=\"elementor-section elementor-top-section elementor-element elementor-element-77e284d8 elementor-section-stretched elementor-section-boxed elementor-section-height-default elementor-section-height-default\" data-id=\"77e284d8\" data-element_type=\"section\" data-e-type=\"section\" data-settings=\"{&quot;stretch_section&quot;:&quot;section-stretched&quot;}\">\n\t\t\t\t\t\t<div class=\"elementor-container elementor-column-gap-default\">\n\t\t\t\t\t<div class=\"elementor-column elementor-col-100 elementor-top-column elementor-element elementor-element-300cd212\" data-id=\"300cd212\" data-element_type=\"column\" data-e-type=\"column\">\n\t\t\t<div class=\"elementor-widget-wrap elementor-element-populated\">\n\t\t\t\t\t\t<div class=\"elementor-element elementor-element-474d23e6 elementor-widget elementor-widget-spacer\" data-id=\"474d23e6\" data-element_type=\"widget\" data-e-type=\"widget\" data-widget_type=\"spacer.default\">\n\t\t\t\t<div class=\"elementor-widget-container\">\n\t\t\t\t\t\t\t<div class=\"elementor-spacer\">\n\t\t\t<div class=\"elementor-spacer-inner\"><\/div>\n\t\t<\/div>\n\t\t\t\t\t\t<\/div>\n\t\t\t\t<\/div>\n\t\t\t\t\t<\/div>\n\t\t<\/div>\n\t\t\t\t\t<\/div>\n\t\t<\/section>\n\t\t<div class=\"elementor-element elementor-element-1b4f3a6 e-flex e-con-boxed e-con e-parent\" data-id=\"1b4f3a6\" data-element_type=\"container\" data-e-type=\"container\">\n\t\t\t\t\t<div class=\"e-con-inner\">\n\t\t<div class=\"elementor-element elementor-element-d1a184c e-con-full e-flex e-con e-child\" data-id=\"d1a184c\" data-element_type=\"container\" data-e-type=\"container\">\n\t\t\t\t<div class=\"elementor-element elementor-element-6cce12f elementor-widget elementor-widget-spacer\" data-id=\"6cce12f\" data-element_type=\"widget\" data-e-type=\"widget\" data-widget_type=\"spacer.default\">\n\t\t\t\t<div class=\"elementor-widget-container\">\n\t\t\t\t\t\t\t<div class=\"elementor-spacer\">\n\t\t\t<div class=\"elementor-spacer-inner\"><\/div>\n\t\t<\/div>\n\t\t\t\t\t\t<\/div>\n\t\t\t\t<\/div>\n\t\t\t\t<\/div>\n\t\t\t\t\t<\/div>\n\t\t\t\t<\/div>\n\t\t\t\t<section class=\"elementor-section elementor-top-section elementor-element elementor-element-3c0b3cf2 elementor-section-stretched elementor-section-boxed elementor-section-height-default elementor-section-height-default\" data-id=\"3c0b3cf2\" data-element_type=\"section\" data-e-type=\"section\" data-settings=\"{&quot;stretch_section&quot;:&quot;section-stretched&quot;}\">\n\t\t\t\t\t\t<div class=\"elementor-container elementor-column-gap-default\">\n\t\t\t\t\t<div class=\"elementor-column elementor-col-100 elementor-top-column elementor-element elementor-element-639db816\" data-id=\"639db816\" data-element_type=\"column\" data-e-type=\"column\">\n\t\t\t<div class=\"elementor-widget-wrap elementor-element-populated\">\n\t\t\t\t\t\t<div class=\"elementor-element elementor-element-29d9cceb elementor-widget elementor-widget-spacer\" data-id=\"29d9cceb\" data-element_type=\"widget\" data-e-type=\"widget\" data-widget_type=\"spacer.default\">\n\t\t\t\t<div class=\"elementor-widget-container\">\n\t\t\t\t\t\t\t<div class=\"elementor-spacer\">\n\t\t\t<div class=\"elementor-spacer-inner\"><\/div>\n\t\t<\/div>\n\t\t\t\t\t\t<\/div>\n\t\t\t\t<\/div>\n\t\t\t\t\t<\/div>\n\t\t<\/div>\n\t\t\t\t\t<\/div>\n\t\t<\/section>\n\t\t<div class=\"elementor-element elementor-element-b66d538 e-flex e-con-boxed e-con e-parent\" data-id=\"b66d538\" data-element_type=\"container\" data-e-type=\"container\">\n\t\t\t\t\t<div class=\"e-con-inner\">\n\t\t<div class=\"elementor-element elementor-element-34f1feb e-con-full e-flex e-con e-child\" data-id=\"34f1feb\" data-element_type=\"container\" data-e-type=\"container\">\n\t\t\t\t<div class=\"elementor-element elementor-element-3970027 elementor-widget elementor-widget-spacer\" data-id=\"3970027\" data-element_type=\"widget\" data-e-type=\"widget\" data-widget_type=\"spacer.default\">\n\t\t\t\t<div class=\"elementor-widget-container\">\n\t\t\t\t\t\t\t<div class=\"elementor-spacer\">\n\t\t\t<div class=\"elementor-spacer-inner\"><\/div>\n\t\t<\/div>\n\t\t\t\t\t\t<\/div>\n\t\t\t\t<\/div>\n\t\t\t\t<\/div>\n\t\t\t\t\t<\/div>\n\t\t\t\t<\/div>\n\t\t\t\t<section class=\"elementor-section elementor-top-section elementor-element elementor-element-4d9ea4f2 elementor-section-stretched elementor-section-boxed elementor-section-height-default elementor-section-height-default\" data-id=\"4d9ea4f2\" data-element_type=\"section\" data-e-type=\"section\" data-settings=\"{&quot;stretch_section&quot;:&quot;section-stretched&quot;,&quot;motion_fx_motion_fx_scrolling&quot;:&quot;yes&quot;,&quot;motion_fx_devices&quot;:[&quot;desktop&quot;,&quot;tablet&quot;,&quot;mobile&quot;]}\">\n\t\t\t\t\t\t<div class=\"elementor-container elementor-column-gap-default\">\n\t\t\t\t\t<div class=\"elementor-column elementor-col-100 elementor-top-column elementor-element elementor-element-5743a07b\" data-id=\"5743a07b\" data-element_type=\"column\" data-e-type=\"column\">\n\t\t\t<div class=\"elementor-widget-wrap elementor-element-populated\">\n\t\t\t\t\t\t\t<\/div>\n\t\t<\/div>\n\t\t\t\t\t<\/div>\n\t\t<\/section>\n\t\t<div class=\"elementor-element elementor-element-0cb75a9 e-flex e-con-boxed e-con e-parent\" data-id=\"0cb75a9\" data-element_type=\"container\" data-e-type=\"container\" data-settings=\"{&quot;motion_fx_motion_fx_scrolling&quot;:&quot;yes&quot;,&quot;motion_fx_devices&quot;:[&quot;desktop&quot;,&quot;tablet&quot;,&quot;mobile&quot;]}\">\n\t\t\t\t\t<div class=\"e-con-inner\">\n\t\t<div class=\"elementor-element elementor-element-9a1c15e e-con-full e-flex e-con e-child\" data-id=\"9a1c15e\" data-element_type=\"container\" data-e-type=\"container\">\n\t\t\t\t<\/div>\n\t\t\t\t\t<\/div>\n\t\t\t\t<\/div>\n\t\t\t\t<\/div>\n\t\t","protected":false},"excerpt":{"rendered":"<p>Konzertfotografie Zwischen Donner und Emotion Neben Lost Places schl\u00e4gt mein zweites fotografisches Herz f\u00fcr die B\u00fchne \u2013 genauer gesagt f\u00fcr die Konzert- und Bandfotografie. Besonders im Metal- und Rockbereich finde ich das, was mich begeistert: rohe Energie, ehrliche Emotionen und das Zusammenspiel von Licht, Lautst\u00e4rke &hellip; <a href=\"https:\/\/heimatliebe-jsphotography.de\/?page_id=14835\" class=\"more-link\"><span>Continue reading<span class=\"screen-reader-text\">Konzert- &amp; Bandfotografie<\/span><\/span><\/a><\/p>\n","protected":false},"author":1,"featured_media":0,"parent":0,"menu_order":0,"comment_status":"closed","ping_status":"closed","template":"elementor_header_footer","meta":{"footnotes":""},"class_list":["post-14835","page","type-page","status-publish","hentry"],"_links":{"self":[{"href":"https:\/\/heimatliebe-jsphotography.de\/index.php?rest_route=\/wp\/v2\/pages\/14835","targetHints":{"allow":["GET"]}}],"collection":[{"href":"https:\/\/heimatliebe-jsphotography.de\/index.php?rest_route=\/wp\/v2\/pages"}],"about":[{"href":"https:\/\/heimatliebe-jsphotography.de\/index.php?rest_route=\/wp\/v2\/types\/page"}],"author":[{"embeddable":true,"href":"https:\/\/heimatliebe-jsphotography.de\/index.php?rest_route=\/wp\/v2\/users\/1"}],"replies":[{"embeddable":true,"href":"https:\/\/heimatliebe-jsphotography.de\/index.php?rest_route=%2Fwp%2Fv2%2Fcomments&post=14835"}],"version-history":[{"count":11,"href":"https:\/\/heimatliebe-jsphotography.de\/index.php?rest_route=\/wp\/v2\/pages\/14835\/revisions"}],"predecessor-version":[{"id":21401,"href":"https:\/\/heimatliebe-jsphotography.de\/index.php?rest_route=\/wp\/v2\/pages\/14835\/revisions\/21401"}],"wp:attachment":[{"href":"https:\/\/heimatliebe-jsphotography.de\/index.php?rest_route=%2Fwp%2Fv2%2Fmedia&parent=14835"}],"curies":[{"name":"wp","href":"https:\/\/api.w.org\/{rel}","templated":true}]}}