{"id":102,"date":"2022-12-25T22:19:18","date_gmt":"2022-12-25T21:19:18","guid":{"rendered":"https:\/\/heimatliebe-jsphotography.de\/?page_id=102"},"modified":"2026-04-12T13:17:51","modified_gmt":"2026-04-12T11:17:51","slug":"elementor-102","status":"publish","type":"page","link":"https:\/\/heimatliebe-jsphotography.de\/?page_id=102","title":{"rendered":"Startseite"},"content":{"rendered":"\t\t<div data-elementor-type=\"wp-page\" data-elementor-id=\"102\" class=\"elementor elementor-102\" data-elementor-post-type=\"page\">\n\t\t\t\t\t\t<section class=\"elementor-section elementor-top-section elementor-element elementor-element-57d9ebb2 elementor-section-full_width elementor-section-height-min-height elementor-section-height-default elementor-section-items-middle\" data-id=\"57d9ebb2\" data-element_type=\"section\" data-e-type=\"section\" data-settings=\"{&quot;background_background&quot;:&quot;classic&quot;}\">\n\t\t\t\t\t\t<div class=\"elementor-container elementor-column-gap-narrow\">\n\t\t\t\t\t<div class=\"elementor-column elementor-col-100 elementor-top-column elementor-element elementor-element-2e8749c6\" data-id=\"2e8749c6\" data-element_type=\"column\" data-e-type=\"column\">\n\t\t\t<div class=\"elementor-widget-wrap elementor-element-populated\">\n\t\t\t\t\t\t<section class=\"elementor-section elementor-inner-section elementor-element elementor-element-1f329713 elementor-section-full_width elementor-section-content-middle elementor-section-height-default elementor-section-height-default\" data-id=\"1f329713\" data-element_type=\"section\" data-e-type=\"section\">\n\t\t\t\t\t\t<div class=\"elementor-container elementor-column-gap-no\">\n\t\t\t\t\t<div class=\"elementor-column elementor-col-100 elementor-inner-column elementor-element elementor-element-474d4faa\" data-id=\"474d4faa\" data-element_type=\"column\" data-e-type=\"column\">\n\t\t\t<div class=\"elementor-widget-wrap elementor-element-populated\">\n\t\t\t\t\t\t<div class=\"elementor-element elementor-element-589b5a47 elementor-widget elementor-widget-heading\" data-id=\"589b5a47\" data-element_type=\"widget\" data-e-type=\"widget\" data-widget_type=\"heading.default\">\n\t\t\t\t<div class=\"elementor-widget-container\">\n\t\t\t\t\t<h2 class=\"elementor-heading-title elementor-size-default\">HERZLICH WILLKOMMEN<\/h2>\t\t\t\t<\/div>\n\t\t\t\t<\/div>\n\t\t\t\t<div class=\"elementor-element elementor-element-10ea9137 elementor-widget__width-initial elementor-widget elementor-widget-text-editor\" data-id=\"10ea9137\" data-element_type=\"widget\" data-e-type=\"widget\" data-widget_type=\"text-editor.default\">\n\t\t\t\t<div class=\"elementor-widget-container\">\n\t\t\t\t\t\t\t\t\t<p data-start=\"66\" data-end=\"539\">\u00a0<\/p>\n<p data-start=\"66\" data-end=\"539\">Seit einigen Jahren sind diese speziellen Orte meine gro\u00dfe Leidenschaft. Geheimnisvoll, unheimlich, verlassen und vergessen \u2013 das sind Lost Places, zu Deutsch \u201evergessene Orte\u201c: Fabriken, Sanatorien und alte Bauernh\u00f6fe im Wald, direkt an einer einsamen Landstra\u00dfe oder mitten im Wohngebiet gelegen. Sie fristen ein trauriges Dasein und sind sich selbst \u00fcberlassen. Es ist die Reise in eine Welt, die geheimnisumwoben und d\u00fcster, aber in ihrer Stille auch wundersch\u00f6n ist.<\/p>\n<p data-start=\"1574\" data-end=\"1924\" data-is-last-node=\"\" data-is-only-node=\"\">\u00a0<\/p>\n<p>&#8222;&#8220; Don\u00b4t be afraid of the dark, <br \/>that\u00b4s where the roots grow&#8220;<\/p>\n<p>&#8211; G. Boston &#8211;<\/p>\t\t\t\t\t\t\t\t<\/div>\n\t\t\t\t<\/div>\n\t\t\t\t\t<\/div>\n\t\t<\/div>\n\t\t\t\t\t<\/div>\n\t\t<\/section>\n\t\t\t\t<div class=\"elementor-element elementor-element-77869d7b elementor-widget elementor-widget-image\" data-id=\"77869d7b\" data-element_type=\"widget\" data-e-type=\"widget\" data-widget_type=\"image.default\">\n\t\t\t\t<div class=\"elementor-widget-container\">\n\t\t\t\t\t\t\t\t\t\t\t\t\t\t\t<img fetchpriority=\"high\" decoding=\"async\" width=\"1920\" height=\"689\" src=\"https:\/\/heimatliebe-jsphotography.de\/wp-content\/uploads\/2025\/06\/Die-Schimmelvilla-56-1920x689.jpg\" class=\"attachment-fotografie-header-image size-fotografie-header-image wp-image-14946\" alt=\"\" \/>\t\t\t\t\t\t\t\t\t\t\t\t\t\t\t<\/div>\n\t\t\t\t<\/div>\n\t\t\t\t\t<\/div>\n\t\t<\/div>\n\t\t\t\t\t<\/div>\n\t\t<\/section>\n\t\t\t\t<\/div>\n\t\t","protected":false},"excerpt":{"rendered":"<p>HERZLICH WILLKOMMEN \u00a0 Seit einigen Jahren sind diese speziellen Orte meine gro\u00dfe Leidenschaft. Geheimnisvoll, unheimlich, verlassen und vergessen \u2013 das sind Lost Places, zu Deutsch \u201evergessene Orte\u201c: Fabriken, Sanatorien und alte Bauernh\u00f6fe im Wald, direkt an einer einsamen Landstra\u00dfe oder mitten im Wohngebiet gelegen. Sie &hellip; <a href=\"https:\/\/heimatliebe-jsphotography.de\/?page_id=102\" class=\"more-link\"><span>Continue reading<span class=\"screen-reader-text\">Startseite<\/span><\/span><\/a><\/p>\n","protected":false},"author":1,"featured_media":0,"parent":0,"menu_order":0,"comment_status":"closed","ping_status":"closed","template":"elementor_header_footer","meta":{"footnotes":""},"class_list":["post-102","page","type-page","status-publish","hentry"],"_links":{"self":[{"href":"https:\/\/heimatliebe-jsphotography.de\/index.php?rest_route=\/wp\/v2\/pages\/102","targetHints":{"allow":["GET"]}}],"collection":[{"href":"https:\/\/heimatliebe-jsphotography.de\/index.php?rest_route=\/wp\/v2\/pages"}],"about":[{"href":"https:\/\/heimatliebe-jsphotography.de\/index.php?rest_route=\/wp\/v2\/types\/page"}],"author":[{"embeddable":true,"href":"https:\/\/heimatliebe-jsphotography.de\/index.php?rest_route=\/wp\/v2\/users\/1"}],"replies":[{"embeddable":true,"href":"https:\/\/heimatliebe-jsphotography.de\/index.php?rest_route=%2Fwp%2Fv2%2Fcomments&post=102"}],"version-history":[{"count":11,"href":"https:\/\/heimatliebe-jsphotography.de\/index.php?rest_route=\/wp\/v2\/pages\/102\/revisions"}],"predecessor-version":[{"id":21450,"href":"https:\/\/heimatliebe-jsphotography.de\/index.php?rest_route=\/wp\/v2\/pages\/102\/revisions\/21450"}],"wp:attachment":[{"href":"https:\/\/heimatliebe-jsphotography.de\/index.php?rest_route=%2Fwp%2Fv2%2Fmedia&parent=102"}],"curies":[{"name":"wp","href":"https:\/\/api.w.org\/{rel}","templated":true}]}}